ime?
False
Is 37923797 a prime number?
True
Is 16891562 composite?
True
Is 451388507 composite?
True
Is 425396891 composite?
True
Is 1256163869 a composite number?
False
Is 1159393 prime?
True
Is 19165673 a prime number?
True
Is 1649503 a prime number?
False
Is 132229931 composite?
False
Is 754526 composite?
True
Is 11572019 a prime number?
False
Is 3025207 prime?
True
Is 51620119 prime?
False
Is 38827 composite?
True
Is 27743981 a prime number?
False
Is 9392491 a composite number?
True
Is 1983963 prime?
False
Is 6648533 a prime number?
False
Is 9458077 prime?
True
Is 28059677 composite?
False
Is 215236691 composite?
True
Is 957963 composite?
True
Is 66862837 prime?
False
Is 1202273 a prime number?
False
Is 4406669 a prime number?
False
Is 465503033 a composite number?
True
Is 6670507 a prime number?
False
Is 79708913 a composite number?
False
Is 139483727 prime?
False
Is 239076257 prime?
False
Is 35173439 a composite number?
True
Is 12831127 a prime number?
True
Is 7770403 a composite number?
False
Is 195524561 a prime number?
True
Is 3551809 a prime number?
False
Is 331073 composite?
True
Is 13847263 a prime number?
True
Is 27626617 a prime number?
True
Is 1555943 a prime number?
True
Is 2699051 composite?
False
Is 13175233 prime?
True
Is 23169433 prime?
False
Is 31752687 a prime number?
False
Is 2112807 a prime number?
False
Is 1895167 a composite number?
False
Is 1903529 composite?
False
Is 2481013 prime?
True
Is 8412053 prime?
False
Is 21497123 composite?
False
Is 4223003 a prime number?
True
Is 23134991 composite?
True
Is 749318123 composite?
False
Is 7001537 prime?
True
Is 1299247 a composite number?
True
Is 35726257 prime?
False
Is 367186507 a composite number?
False
Is 54173941 composite?
False
Is 11074409 a composite number?
True
Is 7734859 prime?
False
Is 55254343 composite?
False
Is 60434477 composite?
False
Is 2785891 a prime number?
True
Is 5893493 prime?
True
Is 956623 a composite number?
True
Is 53096534 a composite number?
True
Is 1562933 a composite number?
False
Is 21954863 prime?
False
Is 121302271 composite?
True
Is 2605787 prime?
True
Is 58997149 a prime number?
False
Is 108703435 a composite number?
True
Is 35527231 composite?
False
Is 986407 a composite number?
True
Is 20297969 a prime number?
True
Is 276691 composite?
True
Is 225021539 composite?
False
Is 122592293 a prime number?
True
Is 1707851 composite?
False
Is 522729443 a prime number?
True
Is 40433153 composite?
True
Is 5392951 a prime number?
True
Is 48043319 a composite number?
False
Is 179737 prime?
True
Is 117017981 a prime number?
False
Is 15534437 a prime number?
False
Is 5864849 a composite number?
False
Is 9117391 a composite number?
False
Is 823380767 prime?
False
Is 8119873 composite?
False
Is 92034077 prime?
True
Is 1855411 a prime number?
True
Is 2355439 composite?
False
Is 11669081 prime?
True
Is 2502113 prime?
True
Is 23848329 prime?
False
Is 99961 a prime number?
True
Is 171131 prime?
True
Is 1201787 prime?
True
Is 1723020259 prime?
True
Is 68553817 composite?
False
Is 834018833 prime?
True
Is 984013 composite?
True
Is 1132213 prime?
False
Is 127882739 a composite number?
False
Is 2512897 composite?
False
Is 177703 a composite number?
True
Is 70542665 a prime number?
False
Is 1056203 a composite number?
False
Is 3805463 composite?
False
Is 302981377 composite?
True
Is 87139453 composite?
True
Is 3561611 composite?
False
Is 4064833 composite?
True
Is 23600713 a composite number?
False
Is 220294853 prime?
False
Is 82546643 a prime number?
False
Is 35473957 a composite number?
False
Is 10078694 a composite number?
True
Is 190273 composite?
True
Is 8541083 prime?
False
Is 3671761 a composite number?
False
Is 16310271 composite?
True
Is 7635493 composite?
True
Is 178543 a composite number?
True
Is 333115143 composite?
True
Is 945289 prime?
True
Is 186551 a prime number?
True
Is 2664271 a composite number?
False
Is 18539823 a prime number?
False
Is 307242967 composite?
False
Is 1040977 composite?
True
Is 30824971 a prime number?
False
Is 2580797 a composite number?
True
Is 6311849 a prime number?
False
Is 217157455 a prime number?
False
Is 3512737 a composite number?
False
Is 3168741 composite?
True
Is 859823 a composite number?
False
Is 218043607 composite?
True
Is 13416593 prime?
True
Is 10442533 a prime number?
False
Is 11778889 a composite number?
False
Is 50303129 a prime number?
True
Is 6965131 prime?
True
Is 9580729 prime?
True
Is 1554521 prime?
True
Is 3202151 a composite number?
True
Is 2407753 composite?
False
Is 3521594 a prime number?
False
Is 5688757 prime?
True
Is 73238819 prime?
True
Is 10145567 a prime number?
True
Is 35711257 prime?
False
Is 576156413 a composite number?
True
Is 4064681 prime?
True
Is 2957321 a prime number?
True
Is 8419039 composite?
False
Is 47723719 a prime number?
False
Is 75847361 composite?
True
Is 48474331 prime?
True
Is 725909 a prime number?
True
Is 201389 a composite number?
False
Is 107152031 a prime number?
False
Is 3637669 a prime number?
False
Is 4601461 composite?
True
Is 2873549 a prime number?
False
Is 398663741 composite?
True
Is 1246841 a composite number?
False
Is 2842639 prime?
False
Is 15035513 prime?
False
Is 25408027 prime?
True
Is 9255787 prime?
False
Is 23885947 a composite number?
False
Is 23745955 prime?
False
Is 3186341 composite?
True
Is 142772789 a composite number?
False
Is 786289 a prime number?
False
Is 407461 a composite number?
True
Is 322986761 a composite number?
False
Is 70884005 a prime number?
False
Is 2823101 a prime number?
True
Is 5280617 a composite number?
False
Is 5843639 prime?
True
Is 2909221 a composite number?
True
Is 18240683 a prime number?
False
Is 26465917 composite?
True
Is 44338051 prime?
False
Is 287407 prime?
False
Is 2925953 a composite number?
True
Is 19127957 a composite number?
True
Is 6296153 a composite number?
False
Is 10262647 a prime number?
True
Is 116484881 prime?
True
Is 84171491 composite?
False
Is 20151667 a composite number?
False
Is 12051755 a prime number?
False
Is 35919601 a composite number?
True
Is 1164367 prime?
True
Is 50230487 prime?
True
Is 757631 composite?
True
Is 13184551 a composite number?
True
Is 2973379 a composite number?
False
Is 89459179 a prime number?
True
Is 11231501 composite?
False
Is 47563 composite?
False
Is 7572589 a prime number?
False
Is 187919701 prime?
True
Is 836249 composite?
True
Is 33713369 composite?
True
Is 14635013 prime?
True
Is 6131287 a composite number?
True
Is 17095723 a composite number?
False
Is 11491537 prime?
False
Is 46336183 composite?
True
Is 13134047 composite?
True
Is 1812143 prime?
False
Is 7125821 a composite number?
False
Is 11609317 a composite number?
True
Is 12673149 a composite number?
True
Is 110981867 prime?
True
Is 8287507 prime?
True
Is 541319 prime?
False
Is 48705337 a prime number?
True
Is 6927961 a composite number?
True
Is 2131946 a prime number?
False
Is 17612041 prime?
True
Is 2252405 a composite number?
True
Is 4876783 a composite number?
False
Is 96171913 a prime number?
True
Is 151275151 composite?
False
Is 55125673 a composite number?
True
Is 29008871 composite?
True
Is 25115317 composite?
False
Is 11395127 prime?
True
Is 31787837 prime?
True
Is 74139547 a composite number?
False
Is 20036141 prime?
False
Is 2900039 a prime number?
True
Is 6985003 composite?
True
Is 2329387 a composite number?
False
Is 37326163 composite?
True
Is 13527947 prime?
True
Is 6117805 composite?
True
Is 4367801 a composite number?
False
Is 136052299 composite?
True
Is 24353327 a prime number?
False
Is 20330309 prime?
True
Is 27350041 a composite number?
True
Is 7818943 a prime number?
False
Is 1933297 composite?
True
Is 2736341 composite?
True
Is 327883407 composite?
True
Is 130144477 a prime number?
False
Is 829043 a prime number?
False
Is 877697 a composite number?
True
Is 25178161 prime?
True
Is 8447389 prime?
True
Is 4721201 a prime number?
True
Is 43229551 composite?
False
Is 447664717 composite?
True
Is 2142727 a prime number?
False
Is 139416361 composite?
True
Is 15310823 composite?
True
Is 83952373 a prime number?
False
Is 980687 prime?
True
Is 13811899 composite?
True
Is 6058759 composite?
True
Is 15120503 a prime number?
False
Is 8419169 a composite number?
True
Is 476575703 prime?
Tru